 s be (12/5)/((-9)/45). Calculate the remainder when 38 is divided by (s/24)/((-1)/26).
12
What is the remainder when 154 is divided by 6/1*(-52)/(-36)*3?
24
Suppose 6*w = 47 - 11. What is the remainder when 28 is divided by w?
4
Let t = -234 - -253. What is the remainder when 35 is divided by t?
16
Suppose -3*f + 5*s = -27 - 22, 0 = -f + 5*s + 13. Calculate the remainder when 1922/18 - f/(-81) is divided by 55.
52
Suppose -1 = -2*a + 35. Suppose 0 = -5*r + 4*g - 65, -3*r - g = -8*r - 50. Calculate the remainder when a is divided by 12/r*(-30)/4.
8
Suppose 17*n - 15*n - 14 = 0. Suppose q + 2*q = 18. Let j(r) = 2*r. Calculate the remainder when j(q) is divided by n.
5
Let p(j) = -j**2 - 5*j + 2. Let n be p(-5). Suppose -24 = -4*z - n*u + 3*u, -4*z - u = -16. What is the remainder when 11 is divided by z?
1
Suppose -13 = 2*l + l - 5*h, -3*h = -15. Suppose 0*y - 20 = -l*y, 0 = 2*k + 2*y - 148. Calculate the remainder when k is divided by 35.
34
Let j be (-1 - -2 - 0) + 0. Let v be -2*1 + 0 + 4. Suppose j = -v*l + 141. What is the remainder when l is divided by 24?
22
Let x(h) = 3*h - 1. Let f be x(6). Let b = f - 7. Suppose -2*v + 3*v = b. Calculate the remainder when 17 is divided by v.
7
Suppose -4*y + 5*t = t - 716, -4*t = 5*y - 886. What is the remainder when y is divided by 30?
28
Let p be 42/4*1104/14. Suppose 14*z - p = 2*z. What is the remainder when z is divided by 14?
13
Let g = -218 - -289. What is the remainder when g is divided by 36?
35
Suppose 5*m - 3*m = 4. Suppose -m*r + 14 = -2. Suppose -n + r = -12. What is the remainder when 39 is divided by n?
19
Suppose 5*l + 55 = 10*l. Let r be (1/2)/((-1)/(-30)). What is the remainder when l is divided by (8/10)/(3/r)?
3
Suppose 8 + 6 = 2*q. Let x = 28 - 46. Let j = 23 + x. Calculate the remainder when q is divided by j.
2
Suppose 0 = o - 4, 250*o = -5*x + 249*o + 39. Suppose -3*a + 21 = 3*f, 2*a - 36 = -2*a - 2*f. What is the remainder when a is divided by x?
4
Let p(x) = x**2 + x + 1. Let y be p(-2). Suppose 0 = o - 2 - 0. Suppose -o + 35 = y*n. Calculate the remainder when 31 is divided by n.
9
Suppose -437*d = -435*d - 44. What is the remainder when 107 is divided by d?
19
Let d be (8/(-3))/((-12)/(-54)). Let l be d/(-9)*(9 + -3). Suppose -l*p - 40 = -9*p. Calculate the remainder when p is divided by 14.
12
Let c = 1988 + -1979. What is the remainder when (-1)/1*(-30)/1 is divided by c?
3
Suppose 0 = 4*g + 21*g - 2975. Calculate the remainder when g is divided by 39.
2
Let a = -94 + 107. Calculate the remainder when (4 - 95/15)*1*-21 is divided by a.
10
Suppose 13*g = -18*g + 558. Calculate the remainder when g is divided by (1 + 2)/((-6)/(-8)).
2
Suppose 3*l = -5*c + 6, 0 = 6*c - 2*c. Suppose l*g = -2*n + 40, 0*n + 3*n - 4*g = 53. Calculate the remainder when n is divided by 4.
3
Suppose -51*b + 5843 + 16393 = 0. Calculate the remainder when b is divided by 17.
11
Let h be (5 + -4)/(2/122). Let z = h - 19. What is the remainder when z is divided by 11?
9
Let s = 9 + -6. Suppose 6*h - 28 = 4*h. What is the remainder when h is divided by s?
2
Let d = -81 + 96. What is the remainder when 158 is divided by d?
8
Let d = -14 + 5. Suppose -5*q = 2*o + 8, -4*o - q - 15 = 19. Calculate the remainder when 24 is divided by o/d*(-26)/(-2).
11
Suppose 4*c - 19 = -4*g + 21, -17 = -2*c - 3*g. Suppose 3*d - 6*d + 17 = 2*a, 5*a + 2*d = 26. Calculate the remainder when c is divided by a.
1
Let i = 656 + -489. What is the remainder when i is divided by 37?
19
Let a(d) = -d**2 - 32*d + 96. Calculate the remainder when a(-31) is divided by 13.
10
Let j(f) = 89*f**2 - 2*f - 2 + 0 - 33*f**2. What is the remainder when j(-1) is divided by 29?
27
Let b = -17 + 68. Suppose 4*p - b = p. Calculate the remainder when 66 is divided by p.
15
Calculate the remainder when ((-48)/8)/(57/66 - 1) is divided by 15.
14
Suppose 0 = 3*k + 3*f, k - 27 = -4*k + 4*f. Calculate the remainder when (32/k)/2*(-21)/(-4) is divided by 3.
1
Let y be ((-34)/(-85))/(2/210). Let z = y - -6. Calculate the remainder when z is divided by 7.
6
Suppose 2*k - 7*n + 37 = -2*n, -5 = -5*n. Let h = k + 40. What is the remainder when h is divided by 7?
3
Suppose -4*q - 5*t = 10, -2*q + t = 4*t + 6. Suppose 4*p - 4*n - 48 = 0, q*n + 2 = -2*n. Calculate the remainder when 20 is divided by p.
9
Let b(l) = -2*l**3 - 12*l**2 - 15*l - 8. Calculate the remainder when 492 is divided by b(-5).
16
Suppose 14 = 4*f + z - 7, 0 = 5*f - 2*z - 10. Suppose 3*u = -0*u - 2*h, -14 = -u + f*h. What is the remainder when 9 is divided by u?
1
Let o(r) = r**3 + 8*r**2 + 8*r - 3. Let c = -11 - -173. Suppose -5*l = -l + 2*v - c, -4*v + 164 = 4*l. What is the remainder when l is divided by o(-6)?
19
Let t(f) = -f**3 - 7*f**2 + 9*f + 11. Let c be t(-8). Suppose -2*l = c*l - 25. Let r(h) = 4*h - 9. Calculate the remainder when r(l) is divided by 7.
4
Suppose 4*k + 65 - 23 = 2*t, 5*k - 45 = -4*t. Let s = -9309 + 9318. Calculate the remainder when t is divided by s.
6
Calculate the remainder when -2 + (-3084)/(-20) + (-2)/10 is divided by 22.
20
Let a = -1652 + 1939. Calculate the remainder when a is divided by 24.
23
Let k = -517 - -569. What is the remainder when 194 is divided by k?
38
Let z = 3 - -2. Let u = 13 + -2. What is the remainder when u is divided by z?
1
Suppose 285 - 807 = -3*p. Calculate the remainder when p is divided by 30.
24
Let k(g) = -2*g + 16. Let b be k(8). Suppose 6*u - 2*u = b. Suppose 3 = h, u*r = 2*r + 3*h - 65. Calculate the remainder when 83 is divided by r.
27
Let x = -9 + 15. Let a(t) = t**3 - 3*t**2 - 3*t. Let w be a(4). Suppose -5*c + 66 = w*s, 4*c + 2*s = s + 44. What is the remainder when c is divided by x?
4
Let q(l) = -197*l - 966. What is the remainder when q(-5) is divided by 2?
1
Let s(z) = -z**2 - 53*z + 113. What is the remainder when s(-54) is divided by 37?
22
Suppose 3*v - 11*v = 264. Let n be (-819)/v + (-6)/(-33). Suppose 24 = -m + n. Calculate the remainder when 2 is divided by m.
0
Let w = 21 + -4. Suppose 4*i - w = -5*f, 2*i + 3*i - 2*f - 13 = 0. Let d(h) = -h**3 + 7*h**2 - 2*h - 4. Calculate the remainder when 50 is divided by d(i).
24
Let d(p) = 2*p + 13. What is the remainder when 103 is divided by d(-3)?
5
Suppose s - 39 = 5*z, 2*s + 22*z - 38 = 24*z. Calculate the remainder when 78 is divided by s.
8
Suppose 2*n - 36 = -j - 3*n, -j + 3*n = 4. Suppose 3*x = 2 + 4. What is the remainder when j is divided by x?
1
Calculate the remainder when 124 is divided by -82*-2*4/16.
1
Suppose 13*v + 186 = 15*v. Let o = v + -51. Calculate the remainder when o is divided by (-64)/(-6) - 4/(-12).
9
Let k = 1072 - 759. Calculate the remainder when k is divided by 104.
1
Calculate the remainder when 456 is divided by 180/(-18) + 106 + -3.
84
Let i(f) = -8*f**2 + f + 1. Let o be i(-2). Let w = o - -44. What is the remainder when 53 is divided by w?
9
Let y(l) be the second derivative of 11*l**3/6 - 3*l**2 - 6*l. Let k be y(-9). What is the remainder when 52 is divided by 1/2 - k/10?
8
Suppose 5*k = 4*a - 145, 4*a = 8*k - 13*k + 175. What is the remainder when a is divided by 6?
4
Let b(w) = 14*w + 89. What is the remainder when 140 is divided by b(-3)?
46
Suppose -32*w + 31*w + 37 = 0. Calculate the remainder when 53 is divided by w/2 + -4 - (-2)/(-4).
11
Let j(u) = 8*u**3 - u - 1. Suppose -4*g = -2*k + 7*k + 2, -4*k - 12 = -2*g. What is the remainder when j(2) is divided by 12/6*(10 + (g - 4))?
13
Let k(z) = 2*z**3 - 64*z**2 + 62*z + 8. Calculate the remainder when 39 is divided by k(31).
7
Suppose c - 21 = 31. Let i be (0*(-3)/15)/(1 + 1). Suppose i = 2*w - 6*w + c. Calculate the remainder when 49 is divided by w.
10
Suppose 5*b = 5, 0 + 8 = -3*h + 5*b. What is the remainder when (3 - 2)*(0/h - -58) is divided by 31?
27
Let h = 6 + 11. Suppose 2*t + 27 = 25. Calculate the remainder when t*1 - (-5 + 4) - -30 is divided by h.
13
Let s(u) = 80*u**3 + 2*u**2 - 27*u + 25. What is the remainder when 956 is divided by s(1)?
76
Let u = -418 + 1509. Calculate the remainder when u is divided by 21.
20
Suppose -4*s = -8, 2*t - 5*t = -2*s - 92. What is the remainder when 221 is divided by t?
29
Suppose h = 4*t - 410, 7*h - 9*h = 3*t - 313. What is the remainder when t is divided by 5?
3
Calculate the remainder when 78 is divided by (-22 + 6)*(-35